divided by 39.
38
Suppose -n + 28 = n. Let i = -42 - -87. Let d = 48 - i. What is the remainder when n is divided by d?
2
Suppose -35*p + 44*p - 4698 = 0. Calculate the remainder when p is divided by 25.
22
Suppose 6 = 6*r - 3*r. Suppose -88*j + 90*j - 11 = -7. Calculate the remainder when j is divided by r.
0
Suppose 1970 = -35*s + 8445. What is the remainder when s is divided by 31?
30
Let h(t) = -2*t**2 + 1 + t**2 - 3*t - 8*t. Let v(b) = b**2 + 10*b - 140. What is the remainder when v(9) is divided by h(-10)?
9
Let t be -5 - 4/(0 + -4). Let h = 49 + t. What is the remainder when h is divided by 24?
21
Suppose 3*m = 5*m - 64. Let s = -465 + 474. Calculate the remainder when m is divided by s.
5
Let d = -201 - -245. Calculate the remainder when 131 is divided by d.
43
Suppose -3*d + 2 = -o + 5, -2*o + 22 = 2*d. Calculate the remainder when 38 is divided by (16/(-1))/4 + o.
3
Suppose 5*b - 224 = u, b + 2*u = -b + 92. Calculate the remainder when b is divided by ((-12)/(-7))/(2/14).
9
Let v = 116 + -424. Let s = 482 + v. What is the remainder when s is divided by 44?
42
Let f(x) = -x**2 - 11*x + 9. Let d be 79/(-7) - 32/(-112). Calculate the remainder when 35 is divided by f(d).
8
Suppose -4*w - 5*o + 32 = 0, -8 = -0*o - 2*o. Suppose m = -m + 4*k + 44, 12 = w*k. Let q = -5 - -13. What is the remainder when m is divided by q?
6
Suppose -3*x + 6 = -8*x + 4*y, 0 = -x + 2*y - 6. Suppose 4*a - 145 - 59 = -x*k, 4*a - 5*k = 232. Calculate the remainder when a is divided by 14.
11
Suppose 173*y + 19602 = 200*y. Calculate the remainder when y is divided by 27.
24
Let l = -9 - -11. Suppose -l*o = -6*o. Suppose -4*d + 125 = -3*h + 1, -5*d - 5*h + 190 = o. What is the remainder when d is divided by 18?
16
Suppose 0 = -0*d - 3*d + 18. Suppose j = d*j - 65. What is the remainder when j is divided by 5?
3
Let v(g) = -g**3 + 12*g**2 - 7*g + 4. Suppose 0 = i - 4 - 4. Let t be v(i). Calculate the remainder when 13 is divided by 4/26 - t/(-26).
5
Let d(p) = 4*p - 3. Suppose -8*j = -2 + 10. Let v = 35 - j. Calculate the remainder when v is divided by d(4).
10
Let y(h) = 263 - 263 + 4*h. Suppose 8*a - 9*a + 62 = 0. Calculate the remainder when a is divided by y(8).
30
Suppose -30*s = 256 - 2806. Calculate the remainder when s is divided by 29.
27
Suppose 11*l - 6*l = 1170. What is the remainder when l is divided by 41?
29
Suppose 54*f - 32*f = 2552. Calculate the remainder when f is divided by 65.
51
Suppose -2301 = -40*v + 219. Let j(d) = -8*d + 1. Suppose 3*h - 5*c + 21 = 0, 0 = 3*h - 3*c + 2*c + 9. Calculate the remainder when v is divided by j(h).
12
Let m(w) = w**3 + 8*w**2 - 10*w - 8. Let a be m(-9). Let k = 32 + -23. Let l = k + a. Calculate the remainder when 49 is divided by l.
9
Suppose -2*l = 23 + 25. Let x be (15/9)/(2/l). Let r = x - -37. Calculate the remainder when r is divided by 4.
1
Let m = 75 + -68. Calculate the remainder when (-12)/(-2 - (-4)/3) is divided by m.
4
Let f = -79 - -73. Let z(g) = g**3 + 6*g**2 - 4*g - 14. What is the remainder when 16 is divided by z(f)?
6
Suppose -27*c + 150 = -17*c. Calculate the remainder when 127 is divided by c.
7
Let q(n) = 4*n**3 + 32*n**2 - 7*n - 27. Calculate the remainder when 158 is divided by q(-8).
13
Let v = 10 - -98. What is the remainder when v is divided by 23?
16
Let f = 80 - 11. Let y = -226 - -475. Suppose -6*t + y = f. What is the remainder when t is divided by 11?
8
Let f = 355 - -180. Suppose -4*p - 130 = -0*r - r, 5*r - f = -3*p. Let o = -72 + r. Calculate the remainder when o is divided by 10.
8
Let d = 879 + -848. Calculate the remainder when 66 is divided by d.
4
Let f = 11 - 10. Let h(u) = 5*u**2 + 3*u - 3. Calculate the remainder when 16 is divided by h(f).
1
Let o(n) = -33*n - 5. Let r be o(-4). Let a = r - 0. Calculate the remainder when a is divided by 22.
17
Let k be (10/7)/((-3)/(-21)). What is the remainder when 19 is divided by k/20 - (-38)/4?
9
Suppose -352 + 92 = -20*q. What is the remainder when 56 is divided by q?
4
Let j(t) = -t**3 + 5*t**2 - 2. Let m be j(2). Calculate the remainder when (-194)/(-6) + m/15 is divided by 13.
7
What is the remainder when 324 is divided by -50*(2/(-8) + (-1)/4)?
24
Suppose 2*v + 0*h = h + 11, 19 = 3*v + h. Suppose 2*c - 20 = 12. Suppose -4*w + 20 = -c. Calculate the remainder when w is divided by v.
3
Let m(o) = -o - 9. Let i be m(-12). Let u = -24 - -40. Suppose i*s - u = -s. Calculate the remainder when s is divided by 2.
0
Let y = 52 + -56. Calculate the remainder when 38 is divided by 348/20 + 0 + y/10.
4
Suppose 0 = -461*o + 466*o - 230. What is the remainder when o is divided by 24?
22
Suppose -16 = 5*s - m - 214, -132 = -3*s + 5*m. Suppose 0 = -3*k + 51 + s. What is the remainder when k is divided by 16?
14
Suppose 0 = 4*q - 486 - 294. Let h = q + -83. What is the remainder when h is divided by 38?
36
Let m be (1 - (5 + -1)) + 112. Suppose -4*y + 143 = -m. Suppose -28 = -3*d + 4*q + y, 2*q - 56 = -2*d. What is the remainder when d is divided by 16?
13
Let t = -3 + 5. Suppose 0 = -o - m + t - 3, 1 = -o + 3*m. What is the remainder when 68 + (3 - 5 - o) is divided by 17?
16
Let i(y) = y + 3. Let b be i(6). Let q = 20 + b. Calculate the remainder when 55 is divided by q.
26
Let k be 0 - (0 - -4) - 31. Let r = 37 + k. What is the remainder when 4 is divided by r?
0
Let o(n) = -34*n + 85. What is the remainder when o(-6) is divided by 49?
44
Suppose -7*q - 2*g + 8 = -3*q, -2*q - 12 = -3*g. Suppose 2*f = -q*f, 2*f - 120 = -5*y. What is the remainder when 95 is divided by y?
23
Let q(p) = p**3 - 7*p**2 + 11*p - 2. Let c be q(5). Suppose m + 2*m - 46 = 4*o, -2*m - c*o + 25 = 0. Calculate the remainder when 51 is divided by m.
9
Let p = 1388 - 1352. Calculate the remainder when p is divided by -19*(3 + -1)/(-2).
17
Let y be 2 - 4/(12/9). Suppose 0 = -5*q + 2*q + 186. Calculate the remainder when 55 is divided by (q/(-2) + 3)/y.
27
Suppose 21*x - 24*x + 51 = 0. Suppose l - 4*l = 0. Suppose -4*d + 4*b + 149 = -31, -4*d + 3*b + 181 = l. What is the remainder when d is divided by x?
12
Let j(g) = 9*g + 6. What is the remainder when 62 is divided by j(3)?
29
Suppose 8*f - 242 + 82 = 0. What is the remainder when 738 is divided by f?
18
Suppose 142 = 4*n + 3*x, 203 - 45 = 4*n - 5*x. Calculate the remainder when 295 is divided by n.
36
Let s = 507 + -275. Suppose s = g + 3*g. Let y = 39 - 19. Calculate the remainder when g is divided by y.
18
Let l(q) = q**3 + 2*q**2 + 2*q + 8. Let t be l(0). Suppose -t*c = -4*c - 92. What is the remainder when c is divided by 6?
5
Suppose h - 13 = -3*s + 8, -4*h + 84 = 3*s. Let y(v) = -v**3 - 9*v**2 + 9*v + 3. What is the remainder when h is divided by y(-10)?
8
Suppose 0*m + 3*m = -3*n + 75, 4*n = -16. Suppose -5*b - 4*j + 44 + m = 0, 0 = -2*j + 4. Calculate the remainder when b is divided by 8.
5
Suppose 2*p - 5*x = -577, 25 = -x - 4*x. Let n = -208 - p. Suppose -k = -2 - 22. What is the remainder when n is divided by k?
21
Let i = 738 + -451. Calculate the remainder when i is divided by 32.
31
Let t(o) = 3*o**2 + 72*o + 78. What is the remainder when (-27 + 2)/(-1 - 0) is divided by t(-23)?
7
Let v = 9 - 7. Let x(m) = 17*m**2 - 7 + 19*m**2 + v*m - 35*m**2. What is the remainder when 22 is divided by x(-5)?
6
Suppose -f + 2*x + 20 = -4*f, -4*f = x + 30. Let d(n) = -n**3 - 6*n**2 + 7*n - 5. Calculate the remainder when d(f) is divided by 24.
19
Suppose 5*h = 2*w + 115, 23 = 8*h - 7*h + 5*w. Let n = 20 - 11. Calculate the remainder when h is divided by n.
5
Suppose -4*s + 3 - 1 = -2*h, 5*h = 4*s + 13. Let y = -1 - -5. Calculate the remainder when 6 is divided by s*((-8)/(-2))/y.
0
Let z = -992 - -1393. Calculate the remainder when z is divided by 29.
24
Let y = 2 + -5. Suppose 6*x = 7*x - 14. What is the remainder when -2*y/(-6) - -26 is divided by x?
11
Suppose 0 = -2*v + 4*v - 6. Let w = -2 - v. Calculate the remainder when 3/w + (-138)/(-5) is divided by 7.
6
Calculate the remainder when 231 is divided by 10/20*(6 - 0).
0
Calculate the remainder when 4/(-5 + -7 - -20)*304/2 is divided by 2*(1 - 22/(-4)).
11
Suppose 4*y = -3*m + 85, -5*y + 3*m + 16 = -124. Suppose -5*u + 80 = y. What is the remainder when u is divided by 3?
2
Suppose 0 = 4*v - 5 - 19. What is the remainder when ((-39)/26)/(v/(-32)) is divided 